f = 45. What is the units digit of c(f)?
7
What is the tens digit of (-5368)/(-56) - (-2)/14?
9
Let h(n) = n + 8. What is the tens digit of h(19)?
2
Suppose 3*o - l - 24 = 2*o, 0 = -4*o - l + 111. Let f = o - 38. Let y = -6 - f. What is the units digit of y?
5
Let s = 187 - 34. Suppose 19*p + s = 22*p. What is the units digit of p?
1
Let y = 461 + -249. What is the units digit of y?
2
Suppose 5*d + 209 = 994. What is the units digit of d?
7
Suppose -5*k + c = 0, -k + 5*c = -38 + 14. Let a be ((-3)/3 - 2)*k. Suppose -19 = -a*w + 14. What is the tens digit of w?
1
Let q(s) = -s**3 - 7*s**2 - 6*s - 5. What is the tens digit of q(-7)?
3
Let g be (1/(-4))/((-4)/16). Let c(q) = -q**2 - q + 3. Let x be c(0). What is the units digit of (g - 0)/(4 - x)?
1
What is the units digit of -4 + 2 + 111 + 7?
6
Let z = 0 + 1. Let c(p) = 13*p**2 - p. What is the units digit of c(z)?
2
Let u(d) = 45*d**2 + d. Let k be u(-1). Suppose 6*c = -4*r + 3*c + 65, -4*r + 4*c + k = 0. What is the units digit of (-4)/r - (-102)/14?
7
Suppose -k = k + 20. Let v be (1 - k/(-6))*-6. Suppose -v*q = -0*q - 20. What is the units digit of q?
5
Suppose y = 2*q + 2*y + 12, -5*y = 5*q + 30. What is the tens digit of 166/6 + (-2)/q?
2
Suppose 5*t - 2*h + 13 = 0, -t - 13 = -6*h + 3*h. Let x be 1*(2*t)/(-2). Let r(i) = 7*i**2 - i + 1. What is the units digit of r(x)?
7
Suppose -2*w + 22 = 7*g - 2*g, g = 3*w - 16. Let z(k) = -k**2 + 8*k. What is the tens digit of z(w)?
1
Let r be 8 - (5 - (-3 - -5)). Suppose r*q = z, -140 = 3*z + 2*z + 3*q. Let y = z + 36. What is the tens digit of y?
1
Let i be 7 - (-1 + 1 + 2). Let j(y) = -4*y + 6*y - 8 + 1. What is the units digit of j(i)?
3
Let m(o) = 15*o. Let i be m(-1). What is the units digit of 5/(i/(-9)) + 15?
8
Suppose 2 = 4*h - 6. Let r(g) = -h*g + 2*g - g + g**2 + 1. What is the units digit of r(2)?
3
Let i = -75 - -49. What is the units digit of (i/(-6) - 4)*24?
8
Let c(o) = -29*o**3 - o**2 - 3*o - 1. What is the hundreds digit of c(-2)?
2
Let k(i) = -2*i - 2. Let u be k(-2). Suppose 90 = -u*v - 3*v - 4*y, 4*y + 20 = 0. Let a = -7 - v. What is the units digit of a?
7
Suppose 5*s + 33 = v, -3*v + 4*s + 40 = -59. What is the tens digit of v?
3
Suppose -308 - 273 = -7*k. What is the units digit of k?
3
Suppose -6 = -3*g - r, -3*r - 4 = -2*g + 11. Let n(u) = -2*u - 4. Let d be n(-3). Suppose -p - d*p = -g. What is the units digit of p?
1
Suppose 0 = -t + 15 - 5. Suppose 2*f = 14 + t. What is the units digit of f?
2
Let o = 1 - 0. What is the units digit of (2/2 - o) + 1?
1
Suppose -5*q + 278 = i, -1520 = -5*i - 5*q + 6*q. What is the tens digit of i?
0
Let y = 2 - 4. Let m be 2 - 3 - y/(-2). What is the units digit of 10 - 0 - (-4)/m?
8
Suppose -2*q = 5*s - 8, 5*q - 31 + 11 = -5*s. Suppose 3*r + 4*m = 90, s = -5*r - 4*m - 26 + 184. What is the units digit of r?
4
Let q = 22 + -20. Suppose -2 = q*m, -2*d + 39 = -d + 2*m. What is the tens digit of d?
4
Let i(b) = 3*b**2 + b - 2. Let s be i(2). Let v = s - 17. Let w(y) = y**3 + 4*y**2 - 6*y + 1. What is the units digit of w(v)?
6
Let j be -1 + 2 + (7 - 3). Let s(w) be the third derivative of -w**6/120 + w**5/10 - w**4/6 - w**3/6 - 4*w**2. What is the units digit of s(j)?
4
Suppose 4*f = 2*f + 22. Let z = 1 + f. What is the units digit of z?
2
Let f = 7 + -3. Let o(a) = -5 - 2*a**2 - 2*a + 2*a**2 + 2*a**2 + 0*a**2. What is the units digit of o(f)?
9
What is the units digit of 30 + (-1 - 3) + -2?
4
Let i be -1*((-2)/(-1) + 12). Let u = -1 - i. What is the tens digit of u?
1
Let r(o) = -o**2 - 6*o. Let s = -7 - -8. Suppose 0 = 5*b + 21 - s. What is the units digit of r(b)?
8
Suppose -50*g + 52*g - 88 = 0. What is the units digit of g?
4
Let i(r) = r**2 + 3*r - 4. What is the tens digit of i(-6)?
1
Let p(n) = 3*n + 1. Let b be (-3 - (-1 - 3))*-5. Let o be 2/b + 36/15. What is the units digit of p(o)?
7
Let k(q) = -q**2 + 18*q - 4. What is the tens digit of k(9)?
7
Let m(i) = 5*i - 4. Let j(n) = n**3 + 4*n**2 - 5*n + 4. Let y be j(-5). What is the units digit of m(y)?
6
Let r be -29 + 0 + -1 - 0. What is the units digit of r/(-4) + (-3)/(-2)?
9
Let d be (27/18)/((-3)/(-76)). Suppose d = 4*t - 50. What is the tens digit of t?
2
Suppose -5*m = 8 + 17. Let g = -1 - m. Suppose -2*r + 11 = n, -g*r - n = -6*r + 5. What is the units digit of r?
4
Suppose 5*r - 23 = 2*r - q, 3*r = 4*q + 13. Let l = r + 18. What is the tens digit of l?
2
Let s(x) = 33*x - 32. What is the units digit of s(7)?
9
Let c(o) = -o**3 + 14*o**2 + 4*o - 6. What is the units digit of c(14)?
0
Let l(u) = -u**2 - 3*u. Let k be l(-4). Let d = 11 + k. Suppose -3*i = -2*i - d. What is the units digit of i?
7
Let a = 12 + -7. Let z(b) = -b**3 + 5*b**2 + 3*b - 7. What is the units digit of z(a)?
8
What is the tens digit of 37 + 0 - 0/2?
3
Let o be 0/((-15)/(-3) + -3). Suppose -4*c - 4*g = -6 - 26, -5*g + 5 = o. What is the units digit of c?
7
Let x = -2 - -11. Let f(l) = l**2 - 6*l - 6. What is the tens digit of f(x)?
2
Let t be 6 - ((-4)/2)/(-2). Let z = 1 - 5. Let v = z + t. What is the units digit of v?
1
Let c be 3*((-50)/(-3) + -4). Suppose 3*m = -6, 5*v + m - 5*m - c = 0. What is the units digit of v?
6
Suppose 2*x = 35 + 5. Suppose -i + x = w - 6*w, -w - 12 = -i. What is the units digit of i?
0
Let s = -21 - -21. Suppose -5*k = -d - s + 2, 1 = k. What is the units digit of d?
7
What is the units digit of 40 + -2*9/6?
7
Let f(z) = -2*z**2 - 1 + 3*z - z**3 + 2*z**2 + 5*z**2. What is the tens digit of f(5)?
1
Let b be -3 - (1 + (-2)/1). What is the tens digit of 44/2*b/(-4)?
1
Let s = -208 - -314. What is the units digit of s?
6
Let z(f) = -f**3 - 10*f**2 - 11*f - 13. Let w be (2 - (-6)/(-4))*-18. Let t be z(w). Suppose 0 = -2*c - c + 3*s + 24, 5*c = -t*s. What is the units digit of c?
4
Suppose -4*w + 8 = 2*j - 2*w, 2*w = 5*j - 34. Suppose -f + j = 4. Suppose 12 = h + f. What is the units digit of h?
0
Let m be (-6)/(-4)*4/2. Suppose 5*d = v + 11, v - 13 = -0*v - m*d. Let h = -1 + v. What is the units digit of h?
3
What is the hundreds digit of (-28)/98 - 1474/(-14)?
1
Let s(g) = 3*g**2 + 7*g + 8. Suppose 5*l - 14 = 6. Let k(a) = -a**2 - 1. Let p(t) = l*k(t) + s(t). What is the units digit of p(6)?
0
Let u(y) = y**2 - 5*y + 9. Suppose -g + 4*g + 3*h = 21, 2*h = 4*g - 28. What is the units digit of u(g)?
3
Let s be 3/3 - -3 - 1. Suppose -3*q + 33 = s*z, 2*q + q = -4*z + 35. What is the units digit of q?
9
Suppose -2*d - g + 159 = 0, -d - 2*d = 5*g - 228. Suppose w + 0 = -o + 27, 5*o = 4*w - d. What is the units digit of w?
4
What is the hundreds digit of ((-334)/6)/((-4)/12) + -3?
1
Suppose -3*f + 6 = -2*f. Suppose f*n - n = 40. What is the units digit of n?
8
Suppose 0 = -4*p + 784 - 208. What is the units digit of p?
4
Let r be 1/(-3) - 1/(-3). Suppose -3*u = 2*u - 5. What is the tens digit of 2 - (u - r) - -9?
1
Suppose 3*c - 1 = 4*f + 2, f - 3*c = -3. Let a(d) = -d**2 - d + 32. What is the units digit of a(f)?
2
Suppose -x = -2*x. Suppose -l + 17 + 11 = x. What is the units digit of l?
8
Suppose 6*m + 2*m - 536 = 0. What is the units digit of m?
7
Suppose 60 = 5*n - 0. What is the units digit of n?
2
Let s = 2 + -8. What is the units digit of (-154)/(-33)*s/(-4)?
7
Let g be (-16 + (-1 - -2))*-1. Suppose 5*n + 4*c + 7 - 40 = 0, 3*n = c + 30. Let t = g - n. What is the units digit of t?
6
Suppose -f + 171 = 3*o, 3*o - 2*f - 58 = 104. What is the units digit of o?
6
Let h(z) = 2*z**2 + 2*z**3 - 2 - 4*z**3 - 1 - 3*z**2 - 3*z. What is the tens digit of h(-2)?
1
Suppose b - 2 = -x, 0 = 5*b - 2*x - 19 + 2. Suppose g = 5*c - 0*g - 51, 25 = b*c + 5*g. What is the tens digit of c?
1
Let t(x) be the first derivative of 56*x**3/3 + 4. Let h be t(1). Suppose z = -3*z + h. What is the tens digit of z?
1
Let v(i) = -i**3 + 8*i**2 + i - 3. Let h(k) = -2*k - 4. Let s be h(-6). Let p be v(s). Let n = 0 + p. What is the units digit of n?
5
Suppose -5*b = 2*o - 28 - 0, 51 = 5*o + 3*b. Suppose 5*d = f + 1, 3*d = 2*f + 3 - 1. Suppose -m + 2*m - o = d. What is the units digit of m?
9
Let r be (-14)/(-4)*(-24)/(-21). Let i = -1 + 1. Suppose -r*g + 12 = -i*g. What is the units digit of g?
3
Suppose -5*l - 3*z = 2*z - 905, -4*l - 2*z = -722. What is the units digit of l?
0
Let i = 4 - 4. Suppose g + g + 26 = i. Let m = 23 + g. What is the units digit of m?
0